 -2).
-2
0 + 10 + -14 + 14
10
What is -2 - (-4 + 11 + -4 + -5)?
0
Evaluate 8 - (1 + -10 - -20).
-3
-9 + (-5 - -21) - 5
2
Evaluate -2 + 1 - (9 + -13).
3
-22 + 16 + (-3 - 2) + 6
-5
Evaluate (6 + -13 - 1) + 2.
-6
1 - 8 - (22 - 23)
-6
What is -2 + 13 + -8 + 1?
4
-10 + 4 + 4 + 14 + -4
8
4 - (2 - (4 + -4)) - 0
2
What is the value of -6 + 5 + -4 + 6 - -4?
5
Evaluate 5 - (4 + -5 - (-3 - -1)).
4
What is -1 - (4 + 4 + -5 + -3)?
-1
What is -5 - (3 + -13 - -2)?
3
What is the value of -4 + 4 - 0 - (-5 + 5)?
0
What is -8 - ((2 + -2 - 6) + 1)?
-3
Calculate -2 - -6 - (-6 + 2 + 11).
-3
Evaluate -10 - (5 + -8 + 0 - 2).
-5
-3 + 7 + (-4 - (-1 + 2))
-1
Evaluate (9 - 3 - 4 - 4) + 5.
3
What is 0 + 1 + -81 + 72 + 12?
4
Calculate -3 - ((-3 - 0) + -5).
5
Calculate (-11 + 0 - -3) + 16.
8
Evaluate 5 - (-1 + (1 - -1)).
4
What is 6 + 5 - (9 - -1)?
1
What is 5 - (-2 - -4) - (1 - -1)?
1
What is 3 + -2 + 3 + 0 + -5?
-1
7 - ((-11 - -5) + 2 - -5)
6
What is -14 + -4 - (-2 + -5)?
-11
(-2 - 7) + 11 + -3
-1
(0 - 1) + (-12 - -16) + 1
4
Evaluate (-5 - -6) + -2 + 2.
1
Evaluate 2 + -1 - -5 - (-2 + 2).
6
What is the value of (3 - -3 - 5) + -1 + 1?
1
What is 0 - -7 - ((16 - 16) + 4)?
3
((5 - 8) + 2 - 5) + 2
-4
(2 - 0) + 9 + -10 + -3
-2
Calculate 3 - -2 - (0 + 3 - 2).
4
What is the value of 2 + (-3 - -2 - 7) - -2?
-4
Calculate -4 + (0 - (7 - (-2 + 6))).
-7
What is -18 + 22 - (0 - (0 + 1))?
5
Evaluate -9 + -5 + 5 + 8.
-1
What is the value of 43 + -32 - (2 + 2 + 2)?
5
Evaluate (37 - 34) + (-1 - -1) - -1.
4
4 - ((-9 + 3 - -13) + 0)
-3
What is the value of -4 - (-10 + -2 + 4)?
4
What is 143 - 145 - (0 - (4 + 1))?
3
What is the value of ((0 - -3) + 0 - 3) + -1?
-1
What is 4 - (4 + (6 - 6))?
0
4 + (-2 + -1 + -2 - -1)
0
(-7 - -2) + 3 + -2
-4
Evaluate -1 - (0 + -1 - 2).
2
What is -1 + 0 + 5 + (0 - 4)?
0
What is 4 - (-2 + 13 + -5)?
-2
Evaluate 2 + 1 - (104 + -111).
10
9 - (3 + 5 + 1)
0
Evaluate 3 + -14 - (-24 - -9).
4
Evaluate -2 + (2 - 5) + 10.
5
-10 + 4 + 10 - (4 - 0)
0
Calculate 3 + (-8 - -2) - -6.
3
Evaluate 1 - (7 + -5 - (3 - -1)).
3
What is 7 + (-1 - (12 + -3)) + -2?
-5
-2 + -1 + 1 + (3 - 4)
-3
Calculate 8 - 1 - (17 - 8).
-2
Calculate -10 + (0 - -6 - -2).
-2
What is -2 + (-5 - -2) + -3 + 5?
-3
Calculate -1 + -3 + -3 - (-2 + -9).
4
What is 0 - (-2 + -2) - (10 - 3)?
-3
Evaluate (-3 + (0 - 2) - 4) + 4.
-5
Evaluate 4 + -3 + -1 + -1 + -5.
-6
Calculate (-1 - 1) + -23 + 23.
-2
-3 + (-3 - -4) - -5 - 2
1
Evaluate (4 - 1) + 0 - (21 + -16).
-2
0 - (2 + 2 - (0 - 0))
-4
1 + -3 + -15 + 3 + 4
-10
Evaluate (-4 - (0 - 2)) + -10 + 15.
3
(-3 - -1) + 10 + 10 + -8
10
Evaluate (2 - -8) + 1 + -5 - 5.
1
What is the value of -56 - -51 - (0 + 1 + -6)?
0
4 + -1 + 36 + -38
1
Evaluate (5 - (-4 + 0)) + -8.
1
(-2 - 0) + (4 - 5) + 2
-1
Evaluate 10 + -19 - 1 - -7.
-3
Evaluate -1 - (-14 - -11 - -9).
-7
What is the value of -5 - 2 - (47 - 58)?
4
Calculate 5 - (4 - 4) - 3.
2
What is -3 + (11 - (-2 + 3 + 2))?
5
What is -10 - -11 - (5 + 0)?
-4
What is 17 - (0 - (-9 - 1))?
7
Calculate 4 + (-22 - -1) - -8.
-9
What is the value of -16 + 13 + 0 + -1 - -2?
-2
Evaluate 11 + (-16 - -11) + -15.
-9
What is -13 + (13 - 8) + 9?
1
Evaluate 6 + (13 - 5) - 10.
4
Evaluate (-2 - (-1 - 7)) + (-15 - -16).
7
What is -3 + 2 + (10 - 6) + 3?
6
What is the value of 7 - (16 + 2) - (-5 + 0)?
-6
What is the value of 3 - (-3 + (5 - -6))?
-5
Calculate -4 + 2 + 2 + 4 - 4.
0
Calculate -1 + (1 + (-9 - -2) - -12).
5
What is -88 + 76 + (13 - 1)?
0
What is the value of -3 + (7 + -4 - 1)?
-1
Evaluate 2 + -3 + (4 - -4) + 2.
9
Evaluate -4 - (-2 - (0 + 3)) - 2.
-1
What is 1 + 3 + 0 + -2 + 1?
3
0 - ((0 - 2) + (-1 - 3))
6
Calculate (-12 - -6) + (2 - 1).
-5
Evaluate 1 - 0 - 4 - 1.
-4
1 + -2 + (4 - (-2 - -2))
3
Evaluate 4 + (-14 - (-12 + -4 + 11)).
-5
What is 0 + (4 - 5) + -3 + -2?
-6
Evaluate -5 + 0 - (-13 + 1 + 4).
3
Calculate -1 - (0 - (-3 + -4) - -1).
-9
Calculate -7 - (-23 - -9) - 13.
-6
(0 - (4 + -5)) + (0 - 5)
-4
-2 + -1 + -1 - -5
1
Evaluate -4 + 10 + -11 - (-9 + 1).
3
What is 0 + -1 + (-5 - -3)?
-3
(0 - (9 + -2)) + (10 - 1)
2
-5 - (-2 - -2) - -3
-2
What is 0 - (-5 + 18 + -7)?
-6
What is the value of 2 + -4 - ((-3 - 1) + 0)?
2
What is -17 + 20 + 0 + 1?
4
-1 + (1 - 5 - -9)
4
(19 - 13) + (0 - 1) + -5
0
What is the value of (-3 - -1 - 2) + 8 + 6?
10
-2 + (1 - (-4 + 8))
-5
Evaluate 0 + -5 + (-9 - (10 + -30)).
6
Evaluate -10 + -2 + 17 + -8.
-3
Evaluate 8 + -2 + -2 + 0.
4
Calculate 1 + -4 - ((-2 - -6) + 0).
-7
What is the value of 4 + 2 + -10 + 0 + 6?
2
What is the value of 1 + 5 + -3 + -5?
-2
What is -11 - (0 - 7) - (-2 - 2)?
0
Calculate -7 + (5 - 0) + (-23 - -20).
-5
-2 - (0 - -3) - (0 - 10)
5
What is the value of -4 - (-1 - (-1 - -1))?
-3
What is -8 + 3 - -3 - 4?
-6
Evaluate -12 - -16 - (-2 - 2).
8
Calculate -3 + 16 - (-24 + 40).
-3
Evaluate 2 + -8 - -8 - 5.
-3
Calculate 10 - ((-14 - -22) + (1 - 3)).
4
What is the value of -6 + (9 - (-3 - (-1 - 6)))?
-1
Evaluate 0 - (-3 + 7 + -1 + 2).
-5
What is the value of -3 - 2 - (0 + -1 + 0)?
-4
What is the value of -5 + 0 - (7 - (-4 - -22))?
6
What is -4 + 1 - (75 - 82)?
4
What is 4 + (2 - -4) + 5 + -16?
-1
What is 6 + -8 + (-2 - 0)?
-4
Calculate (-4 - 1) + 57 + -58.
-6
Calculate 3 - (0 - -2) - -2.
3
Calculate 1 + (-2 - (-1 - 0)) - 1.
-1
0 - (0 + (3 + 0 - 6))
3
What is the value of 6 - ((-1 - 2) + 4)?
5
Evaluate (-3 - 5 - -4) + 3 + -5.
-6
What is the value of 11 + -1 - (-10 - -19)?
1
(-14 - -6 - -1) + 2 - -6
1
What is 9 + (4 - 0) + -8?
5
-11 + 1 + 4 - -3
-3
What is 1 - (8 + -5 - -1)?
-3
What is the value of (-1 - -12) + (11 - 2 - 16)?
4
What is the value of -1 - (3 + 1 + -1)?
-4
What is 1 - (-1 - 1 - -3)?
0
Evaluate (-7 - 0) + 2 + (-8 - -8).
-5
Calculate (-15 - (0 - 2)) + 3 + 3.
-7
-14 - (-5 + -3 + -2)
-4
Evaluate 1 + -1 - (3 - 7).
4
(16 - 2) + -11 + -12 + 3
-6
What is 2 + 1 + -1 + 1?
3
What is the value of 0 - ((-1 - -1) + (-8 - -5))?
3
Evaluate 6 - (0 - (-7 + 5)).
4
(-2 + 1 - (-13 + 5)) + -2
5
What is (-2 - -3) + -5 + -8 + 7?
-5
Evaluate 12 + -1 - (-26 + 39).
-2
What is the value of -1 + 11 + -2 + -16?
-8
-5 - (8 - (23 - 8))
2
0 - 2 - -2 - (-25 - -26)
-1
16 + 4 + -20 - (-6 - -1)
5
Evaluate -6 - (-5 + 4 - 2).
-3
Calculate 4 + 0 + -1 + -4 + 3.
2
Evaluate -1 + (8 - (1 - -3)).
3
Calculate (7 - 2 - -5) + -5.
5
Evaluate 3 + (3 - 1) + -7.
-2
4 - (2 + 9 + -7)
0
-9 + -3 - -1 - (6 + -8)
-9
What is 4 + (-6 - -3 - (-2 + 2))?
1
Evaluate 0 - 17 - (-30 + 1 - -22).
-10
What is the value of 4 + -3 + -2 + 9 + -11?
-3
What is the value of -4 - -4 - (-2 + -3)?
5
Evaluate 0 + 2 + 12 + -10.
4
What is the value of -14 + 3 - (4 + -10 + 0)?
-5
Calculate -13 - (-35 + (4 - -10)).
8
Calculate 3 + -4 + -3 - (38 + -35).
-7
(3 - 0) + (6 - 7)
2
3 + -1 + (-8 - (1 + -3))
-4
Evaluate (-13 - -16) + (-1 - 0).
2
Evaluate -23 - -24 - (0 + -6).
7
Evaluate 1 - ((3 - -2) + -3 + 2).
-3
What is the value of 5 + -7 - (0 + 0)?
-2
5 - (-3 + (-1 - -3) + 5)
1
What is -7 - -1 - (50 - 54)?
-2
Evaluate 2 + (55 + -48 - (0 + 8)).
1
Evaluate -1 + 8 + (3 - 0) + -7.
3
Evaluate 1 - (-1 + (2 - 4)).
4
(13 - 7 - 2) + -9
-5
Evaluate 12 + (0 + -6 - -3).
9
What is the value of -1 - (4 - (-2 - -5))?
-2
Calculate 5 - 9 - -9 - 13.
-8
What is the value of (-18 - -17) + (1 - (0 + 1))?
-1
Calculate -1 + 2 + 1 + -9 + 5.
-2
Calculate -1 - 2 - (-3 - (-1 - 2)).
-3
What is 5 - (-5 - -4 - (2 - 6))?
2
What is -7 + 5 + 6 - 4?
0
Evaluate (-7 - (-10 - 1) - 11) + -1.
-8
What is 1 + (8 - 4) + -9 + 5?
1
What is the value of (6 - 4 - (-1 + -1)) + -7?
-3
-1 + -3 - -2 - -4
2
Calculate 4 + (4 - -3) + -11 + -7.
-7
(-2 - (8 - 4)) + 6
0
Evaluate (0 - -1) + (12 + -10 - 3).
0
Evaluate (-3 - (-2 - -2)) + 2 + 1.
0
What is the value of -18 - -4 - (4 + -3 + -5)?
-10
1 + 11 + 10 + -13
9
What is -3 + -2 + -3 + 5?
-3
Evaluate (-2 + 1 - -1) + (-34 - -31).
-3
Calculate 12 + -5 + -5 + -3.
-1
Evaluate 2 - (7 - 3) - 2.
-4
-6 + (8 - (-5 - -1)) + -5
1
Evaluate -9 + 1 - (-1 + 0).
-7
What is 10 - ((9 - 4) + 1)?
4
What is the value of -3 + 10 + 0 - 5?
2
Evaluate -4 + 1 - (38 + -40).
-1
Evaluate 7 - (3 + -1) - 3.
2
What is the value of 4 + -3 + -7 + 3 + -2?
-5
What is the value of -3 + (2 - (-2 - -4)) + 0?
-3
0 + -3 + (-5 - (-12 - -4))
0
What is the value of -1 - (6 + -4 + 0)?
-3
Evaluate -4 - (-3 - (-1 - (4 + -6))).
0
Calculate -5 - -2 - (6 + -2 + -3).
-4
-2 - (-1 + -1) - (35 + -28)
-7
-10 + (-4 + -4 - -19)
1
Calculate 0 - (-6